hest common factor of v and 100?
20
Suppose 40 = -b + 5*b. Let c = 64 + -4. What is the greatest common factor of c and b?
10
Suppose m + y - 6 = -3, 0 = m + 5*y - 7. Let h(d) = d**3 + 2*d**2 + d + 1. Let f be h(-2). Let c = f + m. Calculate the greatest common factor of 7 and c.
1
Suppose -12 = -5*n - 3*t + 6, 2*n - 3*t - 24 = 0. Let m be (59/(-1))/(-1) + 1. Suppose -o - m = -5*o. What is the highest common divisor of n and o?
3
Let n be (-65)/(-10)*(3 + -1). What is the greatest common divisor of n and 104?
13
Let j(z) = 7*z + 2. Let m be j(2). Let n = -98 - -149. Let t = n + -19. What is the highest common factor of t and m?
16
Let m be (-21)/4*(-144)/27. Suppose -m = -2*l + 102. Calculate the greatest common divisor of l and 26.
13
Suppose 3*n = 4*n - 1. Let z be n*(-1)/2*-16. What is the highest common divisor of z and 8?
8
Let x(v) be the third derivative of -v**4/3 - v**3/2 - 3*v**2. Let k be x(-2). What is the highest common factor of 13 and k?
13
Let x(c) = c + 7. Let v be x(11). Calculate the highest common factor of 45 and v.
9
Let p(x) = -15*x + 4. Let a(z) = -3*z - 5. Let n be a(-4). Suppose 3*h - 12 = n*h. Let k be p(h). What is the greatest common divisor of 7 and k?
7
Let y be -17*(0 + (0 - 1)). Let o(q) = -q**3 - 10*q**2 + 10*q + 19. Let u be o(-12). Calculate the highest common factor of u and y.
17
Suppose -k - 3*k - 24 = 0. Let i(r) = -24*r. Let j be i(k). What is the greatest common divisor of j and 18?
18
Suppose -2*d = -0*d + 24. Let r = d - -21. Let a be (24/r)/(2/6). What is the highest common factor of a and 16?
8
Suppose -2*c - 3*x = -15, 5*c - 2*x = 2*x + 26. Suppose -c*p = -2*p - 16. What is the greatest common factor of p and 8?
4
Let n be 1 + 54/((-3)/(-1)). What is the highest common factor of n and 38?
19
Suppose 0*v = 2*d + 2*v - 2, -5*v = -3*d - 37. Let m be (-1 - 5)*4/d. Suppose -60 = -4*h + 2*h. What is the greatest common divisor of h and m?
6
Let x = 623 - 247. Let j = x - 215. Calculate the greatest common factor of 23 and j.
23
Let c = -21 + 34. Let g = 10 + -3. Let b(o) = o**3 - 7*o**2 + 7*o + 3. Let z be b(g). What is the greatest common divisor of c and z?
13
Suppose 3*t - 70 - 140 = 0. Suppose -7 = -q + 7. Calculate the greatest common divisor of q and t.
14
Let h = 16 - 27. Let x(u) = -2*u - 9 + 9 + 1 + 0. Let g be x(h). Calculate the greatest common factor of 23 and g.
23
Let c be (-5 - -80 - -2) + -5. Calculate the greatest common factor of 8 and c.
8
Suppose 24 = -5*x + 64. Let d be 8/(-24) - (-50)/6. What is the greatest common divisor of d and x?
8
Suppose 13 - 5 = 4*y. Suppose 4*b - y*b - 20 = 0. Calculate the greatest common factor of b and 2.
2
Let h = -18 + 42. What is the greatest common divisor of 84 and h?
12
Suppose q + 25 = 2*q - 4*j, 3*j - 60 = -q. What is the highest common divisor of 18 and q?
9
Suppose 400 = 6*r - r. Calculate the greatest common divisor of r and 16.
16
Let k be -3*5/((-15)/(-4))*-1. What is the greatest common divisor of k and 16?
4
Let j = 13 - -13. Calculate the highest common divisor of 13 and j.
13
Let t(q) = 2*q - 6. Let x be t(5). Let h be 4/(-10) - 6/10. Let w = x - h. What is the highest common divisor of 15 and w?
5
Suppose z = 1 - 3, 0 = 3*b + 2*z + 25. Let s = b - -112. What is the greatest common divisor of 15 and s?
15
Suppose s - 3*m = m + 9, 2*s + 5*m - 31 = 0. Suppose -s = -l + 9. What is the highest common factor of l and 2?
2
Let s = 44 - -24. Calculate the highest common factor of 51 and s.
17
Suppose o + 1 = 0, 3*o - 2 = -5*c - 5. Suppose c*p - 49 = -p. Calculate the highest common divisor of 7 and p.
7
Let a = -4 + 9. Suppose -5*n - 4*z - 30 = 32, 4*n = a*z - 25. Let k be 13/5 - 4/n. Calculate the highest common factor of k and 9.
3
Let f = 47 - -16. What is the greatest common divisor of 7 and f?
7
Suppose -g - 3*v = -17, 4*g - v = 2*g - 1. What is the highest common factor of 6 and g?
2
Suppose -7*y + 56 = y. Suppose 0 = 5*s + o - 143, o - 5 + 2 = 0. What is the highest common factor of y and s?
7
Suppose -2*c + 3 + 57 = 0. What is the greatest common factor of 30 and c?
30
Let g = -254 + 542. What is the highest common factor of g and 32?
32
Let f(y) be the first derivative of y**3/3 - y**2/2 + 4*y - 4. Let a be f(4). Calculate the greatest common divisor of a and 144.
16
Let l be -3 - (2 + -16 + -2). Calculate the greatest common factor of 39 and l.
13
Let h = -25 - -6. Let y = -9 - h. What is the highest common divisor of y and 80?
10
Let b(a) = -2*a + 3*a + 9*a. Let j be b(1). Calculate the highest common divisor of j and 2.
2
Let x(y) = y**2 + 7*y - 54. Let u be x(5). Let m = -75 - -105. Calculate the highest common divisor of m and u.
6
Suppose 0 = -0*d - 4*d + 12. Let s be ((-3)/d*-3)/1. Suppose -b + s*x = -21, 0*x = 2*b + 5*x - 64. What is the greatest common factor of b and 3?
3
Let h(j) = -2*j**3 - 4*j**2 - 3*j. Let q be h(-2). What is the highest common divisor of q and 24?
6
Suppose -3*r + 17 = 2*t, 3*t + 2 = 5*r - 1. Suppose -3*i - 2*i + 5*l = -60, -25 = -5*l. Let a = i - -7. Calculate the greatest common factor of r and a.
3
Suppose 2*v + 11 - 47 = 0. Suppose -3*r = -v - 36. Calculate the greatest common factor of r and 6.
6
Suppose -1 - 8 = 3*p. Suppose u + 10 = 3*u - 2*h, 3*u = 5*h + 9. Let t = p + u. Calculate the highest common factor of t and 20.
5
Suppose j + 5*j = 30. Suppose 2*d - 15 = -3*h, -4*h + 0*h + 20 = -d. Calculate the greatest common divisor of h and j.
5
Suppose 6 + 2 = 4*r. Suppose -p + 4*p = 0. Suppose -r*q - 2*q + 40 = p. Calculate the highest common divisor of q and 50.
10
Suppose 4*l - r - 59 = -0*r, 5*l - 3*r = 65. What is the greatest common divisor of 16 and l?
16
Let t(i) = -i. Let r be t(3). Let x be 708/30 + r/5. What is the greatest common factor of 161 and x?
23
Let b = 2 - -10. Calculate the greatest common divisor of 60 and b.
12
Suppose -9*v + 1619 = 179. Suppose f = -4*f + 100. Calculate the highest common factor of v and f.
20
Let y = -1 - -21. What is the greatest common factor of y and 220?
20
Let p be 110/4 + (-9)/(-6). Calculate the greatest common divisor of 87 and p.
29
Let k be (-1)/(-5) + (-24)/(-5). Let f = 5 + 0. Calculate the highest common factor of f and k.
5
Let i(n) = 3*n**2 + 12*n + 15. Let t be i(-5). What is the highest common factor of t and 330?
30
Suppose -2*d + 7*d - 95 = 0. What is the highest common factor of 19 and d?
19
Let l(c) = 2*c + 5. Let v be l(5). Let s be ((-6)/4)/((-3)/20). What is the greatest common divisor of v and s?
5
Suppose 28 = 5*h - 72. Let t(g) = g**3 + 6*g**2 - 4*g + 6. Let s be t(-6). What is the greatest common factor of h and s?
10
Suppose 4*o - 2*o - 74 = i, 3*o = -i + 106. Calculate the greatest common factor of o and 6.
6
Let o be 6/(-21) + (-60)/(-14). Let q be (0 - 4)*(-5)/o. Suppose -q*w - 10 = -90. Calculate the greatest common factor of 2 and w.
2
Let a = 4 + 1. Suppose a*z = 2*o - 3*o + 380, -5*z + 3*o + 400 = 0. Let k(l) = -l**2 - 7*l + 1. Let d be k(-6). Calculate the highest common factor of d and z.
7
Let z be 2*2 + (-1)/1. What is the highest common divisor of 6 and z?
3
Let n be (5/20)/(1/8). Suppose -n*i = -17 - 9. What is the greatest common divisor of 26 and i?
13
Let a(n) = -3 + 0 + 23*n - 20*n. Let i(j) = -j - 1. Let l be i(-6). Let b be a(l). Calculate the greatest common divisor of 24 and b.
12
Suppose p - 24 = -4*k, 2*p - 3*k = -0*k + 92. Calculate the greatest common divisor of 16 and p.
8
Suppose 2*y - 3*c - 99 = 0, -3*y = -3*c + c - 136. Calculate the highest common divisor of y and 28.
14
Suppose -69 = -4*p + 4*m + 287, 0 = -5*p + 4*m + 440. Let k(a) = -a + 7. Let g be k(-5). Calculate the highest common divisor of p and g.
12
Suppose -2*l + 452 = 5*t - l, -6 = -3*l. What is the greatest common factor of t and 10?
10
Suppose 6*w = w. Let a(t) = -4*t**3 - t**2 + 1. Let j be a(-1). Suppose w = 3*q - 46 + j. What is the greatest common divisor of q and 56?
14
Let s = -2 + 4. Let d = 34 - s. Let t = 3 + 1. What is the greatest common factor of t and d?
4
Suppose -3*c + 40 = c. Let b(h) be the first derivative of h**2 + 1. Let j be b(5). Calculate the greatest common factor of c and j.
10
Let y be 64/(-10)*15/(-2). Let x be 6/10 - 4/(-10). Let n = x + 5. What is the greatest common factor of y and n?
6
Let l(o) = -3*